. Give z(b).
9
Let u(a) = a**2 + 2. Let n(g) = 2*g + 153. Let m be n(33). Let d = -221 + m. Give u(d).
6
Let y(c) = -c**3 + 13*c**2 + c - 23. Suppose 0 = -29*s - 56*s + 299 + 806. What is y(s)?
-10
Let m(u) = 2*u - 1. Let l be m(0). Let b(n) = 2*n + 3. Let x(y) = -2*y + 55. Let j be x(25). Let r(t) = 3*t + 7. Let f(v) = j*b(v) - 2*r(v). Determine f(l).
-3
Let a(w) = -13*w + 9*w + 4*w - w + 1 + 0. Let o(j) = -2*j**3 + 46*j**2 - j + 19. Let p be o(23). Calculate a(p).
5
Let o be (1 + (-10)/2)/((-5)/40). Let t be (-4 - o/(-4))/2. Let u(c) be the second derivative of c**3/3 - 3*c**2/2 + 2*c. Calculate u(t).
1
Let i be (-22)/((-9)/(-6) + -1 + 0). Let o = i + -54. Let w = -106 - o. Let r(d) = -d**2 - 7*d + 9. Give r(w).
1
Let t(s) be the third derivative of 5 + 1/60*s**5 - 2*s**2 + 0*s**4 - 5/3*s**3 - 1/120*s**6 + 0*s. What is t(0)?
-10
Let g(y) = 125 - 5 - 57 + 122 - 13*y + 18*y. Calculate g(-37).
0
Let s be 10*(-7 + (-1630)/(-25)). Let x = 588 - s. Let b(g) = g**2 - 8*g + 7. What is b(x)?
-5
Let f(w) = 4*w + 2. Let p be (-442)/(-1547)*5/((-5)/(-28)). Determine f(p).
34
Let q(g) be the second derivative of -g**4/24 - 13*g**3/6 + g**2 + 47*g. Let j(p) be the first derivative of q(p). Calculate j(9).
-22
Let x be 32/(-10) + ((-204)/(-20) - (4 - -5)). Let r(f) = -14*f - 2. Calculate r(x).
26
Suppose 3*f + 6 = 5*r, 16 = 4*f + 4. Let w be 1 - (1 + r/(-3) + 11). Let s = w + 5. Let u(p) = -p**3 - 6*p**2 - 4*p + 5. Calculate u(s).
0
Let a(q) = 5*q + q + 22 + 2*q + 7*q. Let x(b) = -11*b - 15. Let g(l) = -5*a(l) - 7*x(l). Give g(4).
3
Let f(w) = -w**2 - 15*w - 8. Let t = -6851 + 6838. What is f(t)?
18
Let k = 13 - 11. Let t(z) = 151*z**2 + 5*z + 145*z**k - 1 + z**3 - 289*z**2. What is t(-6)?
5
Suppose 0 = 15*y - 2*y. Suppose -l - 138 + 146 = y. Let h(b) = b**3 - 9*b**2 + 7*b - 10. Determine h(l).
-18
Let a(v) = 10*v - 126*v**3 - 5 + 6*v**2 + 267*v**3 - 140*v**3. Give a(-4).
-13
Let b(m) = 6*m + 125 - 45 - m**3 + 23*m**2 - 9*m - 15*m**2 - 15*m. Let v be b(7). Let z(p) = -p - p**2 + 0 + 3*p - 3. Calculate z(v).
-6
Let o(g) be the first derivative of 10*g**3/3 + g**2/2 - 7089. Determine o(2).
42
Let v(p) = 8*p**3 - 19*p**3 + 49*p + 29 - 16*p**3 - p**2. Let f(t) = -17*t**3 - t**2 + 33*t + 19. Let z(i) = -8*f(i) + 5*v(i). Give z(-6).
-1
Let t(p) = -p**2 + 18*p + 3. Let z = -6 + 22. Let a be t(z). Suppose 35*h = 30*h - a. Let x(r) = r**3 + 7*r**2 - 3*r - 1. Calculate x(h).
20
Let k(v) = 3*v + 1. Let f(y) = -7*y**3 + 12*y**2 + 57*y + 9. Let g(u) = -4*u**3 + 6*u**2 + 29*u + 4. Let q(b) = 3*f(b) - 5*g(b). Let h be q(9). What is k(h)?
-5
Let u be (-1 - -1)/(-2 - 0). Suppose u = 2*p - p + 6. Let c(h) be the third derivative of h**6/120 + 7*h**5/60 + h**4/4 - h**3/6 + 94517*h**2. Give c(p).
-1
Let a = -40 + 52. Suppose a + 12 = 2*p. Suppose -3*y = p, -9*y = 5*u - 5*y + 21. Let o(x) = 15*x**2 - 2*x - 1. What is o(u)?
16
Suppose -102*s + 95*s + 233702 = 0. Let g(u) = u + 26*u**3 - u**2 + 33386 - s. Give g(1).
26
Let g = -7 + 4. Let i(y) be the first derivative of -y**4/4 - 4*y**3/3 - 5*y**2/2 - 7*y + 32167. What is i(g)?
-1
Let k(h) = -311*h - 773. Let a(w) = 406*w + 1030. Let d(b) = -7*a(b) - 9*k(b). Calculate d(-6).
5
Let k = 7 - 5. Let g(h) be the first derivative of -h**3 + h**2 + h - 1166. Calculate g(k).
-7
Let y(w) = 26*w - 8*w**2 - 26 + 36*w**2 - 69*w**2 + 15*w + 3*w**3. Let h(q) = 2*q**3 - 27*q**2 + 27*q - 18. Let x(z) = -7*h(z) + 5*y(z). Give x(15).
11
Let s(j) = -18*j**3 - j**2 + j - 1. Let n = -153 - -158. Suppose -4*h - x - 8 = 2*x, -h = -n*x - 21. Determine s(h).
-19
Let g be 20/((-20)/(-2))*(-5)/(-5). Let x(l) be the second derivative of 0 - 5/6*l**3 - 1/20*l**5 - 8*l + 7/12*l**4 + l**g. What is x(6)?
8
Let a(q) = -q**2 - 10*q - 4. Let y(f) = -7 + f**3 + 30*f - 2*f**3 + 119*f**2 - 112*f**2. Let z be y(10). Calculate a(z).
17
Let f(c) = 5*c. Let s(g) = 9*g. Let v(w) = -11*f(w) + 6*s(w). Suppose -4*i - 1 = 7. Let r(j) = j + 8. Let l be r(i). Calculate v(l).
-6
Let g(t) = -2*t**2 - 3*t + 26. Let d(a) = -a**2 - 7*a + 26. Let u(k) = 4*d(k) - 3*g(k). What is u(8)?
2
Let q = 35 + -30. Suppose -12 = -2*v - 4*j, -3*v - 42 = -5*j - q. Let b be 3 - (v + 5 + 1). Let p(x) = -11*x. Determine p(b).
-11
Let d(p) be the second derivative of -42*p + 0*p**2 - 1/12*p**4 + 0 + 0*p**3. Give d(3).
-9
Let t(n) = -n + 3. Let b be (7/14)/(2/(-108)). Let i = b - -29. Suppose i*x - 5 = 7. Calculate t(x).
-3
Let h(f) = 10 - 121 + 6 + 62 + 3*f. Give h(15).
2
Let v(t) be the first derivative of t**4/4 - 5*t**3/3 + 6*t + 490. Let u be ((-10)/(-3))/(8/12). Calculate v(u).
6
Let b(v) = 2*v**3 + 12*v**2 - 2*v - 5. Let a be b(-6). Suppose 5*y = 3 + a. Let s(x) = -x**2 - 12*x + 1 - 4 + 7*x - x**y. What is s(-3)?
-6
Suppose y + 9 = 2*t, -4*t - 4*y = 6*t. Let x(u) = u**3 - 4*u**2 - 3*u + 6. Determine x(t).
-8
Suppose 10*w + 700 = 720. Let q(z) be the first derivative of -z**2/2 - 2*z + 46. Determine q(w).
-4
Suppose 11 + 14 = 5*g. Let t(p) = -15 - 8 - 3*p - 16 + 34. Let y(r) = 4*r + 4. Let a(j) = 3*t(j) + 2*y(j). Determine a(g).
-12
Let s(q) be the second derivative of q**6/120 - q**5/12 + q**4/24 + q**3/2 - q**2/2 - 4*q + 11. Let p(g) be the first derivative of s(g). Determine p(3).
-12
Let w(j) be the third derivative of -j**4/24 - 708*j**2. Let g = -84 - -77. Calculate w(g).
7
Suppose 27*u - 29*u + 1 = -3*o, -4*u - 28 = 0. Let x(r) = -r**2 - 10*r - 23. Give x(o).
2
Let r(j) = 17*j - 12. Let p(g) = -74*g + 46. Let l(w) = 2*p(w) + 9*r(w). Give l(4).
4
Let c(m) = -6*m**3 + 17*m**2 + 27*m + 9. Let j be c(-1). Let f(o) = o**2 + o - 5. What is f(j)?
25
Let f(c) = c**3 - c**2 + c. Let g(v) = 1 - 4223*v**2 - 6*v**3 + 8 + 4236*v**2 - 7*v. Let z(b) = 5*f(b) + g(b). What is z(8)?
-7
Let o(j) be the second derivative of -j**4/2 - 7*j**3/6 + 5*j**2 + 5801*j. Calculate o(1).
-3
Let z be (-42)/(-21) + 1/1. Let d be z - (0 + -2) - 4. Let a(w) = 28*w**2. Determine a(d).
28
Let k(f) = 6*f - 2. Let n(u) = -5*u + 2. Let q(d) = -4*k(d) - 5*n(d). Let g be (-6 - -4)*(-3)/2. What is q(g)?
1
Let a(g) = -4*g + 1. Let w(l) = 50*l**2 + 22*l - 6. Let z(h) = 5*a(h) + w(h). What is z(1)?
51
Let g(j) = 23*j. Let f = -57 - -59. Suppose 6*h = h - n + 185, 4*h - f*n = 162. Let q = 37 - h. Give g(q).
-23
Let y(u) be the second derivative of 4*u**2 + 55*u - 5/6*u**3 - 1/12*u**4 + 0. Determine y(-6).
2
Suppose -8 = -2*l + 2. Suppose -4*u + 12 = -g, -16 = -2*g - l*u + 12. Let s be -3 - (-75)/30*g/(-5). Let x(f) = -2*f**2 - 7*f + 1. Give x(s).
-14
Suppose 0 = -5*w + 25 - 10. Let l(x) = 1 + 2*x + 3*x**2 - 5*x + x**w - 5. Suppose z + 48 = -15*z. What is l(z)?
5
Let v = 25792 - 25781. Let x(f) = f**3 - 12*f**2 + 10*f + 16. Determine x(v).
5
Let n(a) = -a**2 - 6*a - 4. Suppose 4*w - 29 = -5*b, w + 2 = b - 2*w. Suppose 3*z + 4*o + 1 = -12, b*z + 11 = 4*o. What is n(z)?
5
Let w(i) be the first derivative of -3*i**2/2 - 5*i - 2. Suppose 0 = 4*h + 52, -2*l + 6*l - l - 2*h = 14. What is w(l)?
7
Let w(y) = -12*y**3 - 2*y**2 + 3*y - 2. Let f(x) = 2*x**3 - 34*x**2 - 33*x - 53. Let o be f(18). What is w(o)?
-13
Let n(o) = -o**2 + 11*o + 3. Suppose 8*f + 694 = -106. Let p be 2 + f/45 - (-909)/81. Calculate n(p).
3
Let n = 153 - 139. Let u(p) = -9*p - 7*p - 38 - n*p - 13*p + 42*p. What is u(0)?
-38
Let u(m) be the first derivative of -m**2/2 + 19*m - 5073. Suppose 4*s + 5*j - 15 = 0, s - 4*j = 3*s. What is u(s)?
9
Let f(a) = 25*a**3 + 37*a**2 + 34*a. Let i(d) = -9*d**3 - 13*d**2 - 12*d. Let y(k) = -6*f(k) - 17*i(k). Give y(-1).
-4
Let f be ((-33)/(-55))/((-4)/(-100)). Let x(a) = 5*a - 83. Let s be x(f). Let k(l) = -l - 4. Determine k(s).
4
Suppose 0 = -6*n + 2321 - 2363. Let k(h) be the second derivative of h**5/20 + 2*h**4/3 + h**3/3 + h**2 + 6*h. Calculate k(n).
37
Suppose 0 = -5*l + 10, l + 22 = -5*x + 2*l. Let s(m) be the third derivative of -82*m**2 + 0 + 1/60*m**5 + 1/4*m**4 + 0*m - 1/3*m**3. Give s(x).
-10
Let w(v) = -13*v**3 - 27*v**2 - 9*v - 13. Let x(h) = -2*h**3 - 3*h**2 - 1. Let d(m) = w(m) - 6*x(m). What is d(-8)?
1
Let j be (-2)/(-8) + 1/(-4). Let d be -6 + (j + 1)*2. Let c(w) = 4*w**3 - 167*w. Let i(n) = -7*n**3 - n**2 + 280*n + 2. Let a(l) = -5*c(l) - 3*i(l). Give a(d).
-2
Let s be 190/(-95) - (-1*2 + -2). Let w(o) = 12 - 3*o - 8*o**s - 15*o**3 - 4 + 4 + 14*o**3 + 14*o. Suppose 3*k - 5*j + 12 = 0, -k - j = -2*j + 6. Give w(k)